{"id":2,"date":"2016-12-11T17:36:25","date_gmt":"2016-12-11T16:36:25","guid":{"rendered":"http:\/\/jdkrynen.com\/?page_id=2"},"modified":"2017-01-05T14:06:52","modified_gmt":"2017-01-05T13:06:52","slug":"biographie-du-compositeur-jean-dominique-krynen","status":"publish","type":"page","link":"https:\/\/jdkrynen.com\/index.php\/biographie-du-compositeur-jean-dominique-krynen\/","title":{"rendered":"Biographie"},"content":{"rendered":"<figure id=\"attachment_39\" aria-describedby=\"caption-attachment-39\" style=\"width: 640px\" class=\"wp-caption aligncenter\"><img loading=\"lazy\" decoding=\"async\" class=\"wp-image-39 size-full\" src=\"http:\/\/jdkrynen.com\/wp-content\/uploads\/2017\/01\/DSC01690.jpeg\" alt=\"Le compositeur de musique Jean-Dominique Krynen travaillant sur une partition de musique\" width=\"640\" height=\"426\" srcset=\"https:\/\/jdkrynen.com\/wp-content\/uploads\/2017\/01\/DSC01690.jpeg 640w, https:\/\/jdkrynen.com\/wp-content\/uploads\/2017\/01\/DSC01690-300x200.jpeg 300w\" sizes=\"(max-width: 640px) 100vw, 640px\" \/><figcaption id=\"caption-attachment-39\" class=\"wp-caption-text\">Jean-Dominique Krynen<\/figcaption><\/figure>\n<p>N\u00e9 en 1958 \u00e0 Toulouse d&#8217;un p\u00e8re hispaniste et th\u00e9ologien, sixi\u00e8me d&#8217;une famille de sept enfants, Jean-Dominique Krynen effectue sa scolarit\u00e9 secondaire au coll\u00e8ge j\u00e9suite Le Caousou. D\u00e8s six ans il d\u00e9couvre la musique aupr\u00e8s de la pianiste Arlette Bonnel-Gertler puis parfait sa formation initiale au Conservatoire National de R\u00e9gion dans les classes de Daniel Beau, Guy Rogu\u00e9 et Guy Lhomme. Parall\u00e8lement \u00e0 ses ma\u00eetres, les conseils de la pianiste Th\u00e9r\u00e8se Dussaut et du chef d&#8217;orchestre Jean P\u00e9risson lui tracent les exigences d&#8217;un accomplissement de musicien.<\/p>\n<p>Mont\u00e9 \u00e0 Paris, il se consacre de 1977 \u00e0 1986 \u00e0 des \u00e9tudes d\u2019\u00e9criture musicale d\u2019abord avec Yvonne Desportes, puis au Conservatoire National Sup\u00e9rieur. Il y obtient les 1<sup>ers<\/sup> Prix d\u2019Harmonie, de Contrepoint et d\u2019Orchestration dans les classes d\u2019Alain Bernaud, Jean-Paul Holstein et Serge Nigg.<\/p>\n<p>Au cours de ces ann\u00e9es d&#8217;\u00e9tudes sup\u00e9rieures, il suit de 1978 \u00e0 1986 les sessions semestrielles de Ph\u00e9nom\u00e9nologie musicale et les acad\u00e9mies estivales de direction d\u2019orchestre de Sergiu Celibidache, \u00e0 Trier (Tr\u00e8ves), Mainz (Mayence) et M\u00fcnchen (Munich). C\u2019est \u00e0 l\u2019influence de ce dernier ma\u00eetre qu\u2019il doit l\u2019essentiel de ses convictions musicales : illuminations et dessillements.<\/p>\n<p>Compositeur autodidacte, sa vocation se dessine tout au long de ces ann\u00e9es en marge des sph\u00e8res autoris\u00e9es de la cr\u00e9ation contemporaine, en r\u00e9bellion radicale contre l&#8217;h\u00e9g\u00e9monie esth\u00e9tique avant-gardiste et ses impostures, dans l&#8217;intimit\u00e9 d&#8217;un tr\u00e8s petit cercle de musiciens parmi lesquels le compositeur St\u00e9phane Delplace a jou\u00e9 un r\u00f4le d\u00e9terminant. Parall\u00e8lement, un int\u00e9r\u00eat constant pour l\u2019apprentissage musical lui fournit plusieurs terrains d\u2019activit\u00e9\u00a0professionnelle : enseignement, orchestration, r\u00e9vision d\u2019\u00e9ditions, traduction.<\/p>\n<p>Membre de l&#8217;Acad\u00e9mie de France \u00e0 Madrid de 1992 \u00e0 1994 (<i>Casa de Vel\u00e1zquez<\/i> \u2015 concours de l&#8217;Acad\u00e9mie des Beaux-Arts), Jean-Dominique Krynen part deux ann\u00e9es \u00e0 Grenade avec son \u00e9pouse et ses deux enfants, marquant une pause dans sa carri\u00e8re de directeur de conservatoire, commenc\u00e9e \u00e0 Rueil-Malmaison en 1987 aux c\u00f4t\u00e9s de Jacques Taddei, poursuivie \u00e0 Paris (VIIe arrondissement) puis en Corse et \u00e0 Orl\u00e9ans, pour s&#8217;achever \u00e0 nouveau \u00e0 Paris (CRR) aux c\u00f4t\u00e9s de Xavier Delette.<\/p>\n<p>Distillant longuement ses cr\u00e9ations (moins d&#8217;une vingtaine) hors de tout plan de carri\u00e8re, r\u00e9tif et inadapt\u00e9 \u00e0 toute forme moderne de promotion personnelle, ce compositeur inactuel livre ici au passant de la <i>Toile<\/i> une fen\u00eatre sur une musique qui veut vivre, irr\u00e9pressiblement.<\/p>\n<p style=\"text-align: right;\" align=\"left\"><i>Paris, mai 2016<\/i><\/p>\n<p style=\"text-align: right;\" align=\"left\">\n","protected":false},"excerpt":{"rendered":"<p>N\u00e9 en 1958 \u00e0 Toulouse d&#8217;un p\u00e8re hispaniste et th\u00e9ologien, sixi\u00e8me d&#8217;une famille de sept enfants, Jean-Dominique Krynen effectue sa scolarit\u00e9 secondaire au coll\u00e8ge j\u00e9suite Le Caousou. D\u00e8s six ans il d\u00e9couvre la musique aupr\u00e8s de la pianiste Arlette Bonnel-Gertler<\/p>\n","protected":false},"author":1,"featured_media":0,"parent":0,"menu_order":0,"comment_status":"closed","ping_status":"closed","template":"","meta":{"footnotes":""},"_links":{"self":[{"href":"https:\/\/jdkrynen.com\/index.php\/wp-json\/wp\/v2\/pages\/2"}],"collection":[{"href":"https:\/\/jdkrynen.com\/index.php\/wp-json\/wp\/v2\/pages"}],"about":[{"href":"https:\/\/jdkrynen.com\/index.php\/wp-json\/wp\/v2\/types\/page"}],"author":[{"embeddable":true,"href":"https:\/\/jdkrynen.com\/index.php\/wp-json\/wp\/v2\/users\/1"}],"replies":[{"embeddable":true,"href":"https:\/\/jdkrynen.com\/index.php\/wp-json\/wp\/v2\/comments?post=2"}],"version-history":[{"count":10,"href":"https:\/\/jdkrynen.com\/index.php\/wp-json\/wp\/v2\/pages\/2\/revisions"}],"predecessor-version":[{"id":116,"href":"https:\/\/jdkrynen.com\/index.php\/wp-json\/wp\/v2\/pages\/2\/revisions\/116"}],"wp:attachment":[{"href":"https:\/\/jdkrynen.com\/index.php\/wp-json\/wp\/v2\/media?parent=2"}],"curies":[{"name":"wp","href":"https:\/\/api.w.org\/{rel}","templated":true}]}}

<figure id="attachment_39" aria-describedby="caption-attachment-39" style="width: 640px" class="wp-caption aligncenter"><img loading="lazy" decoding="async" class="wp-image-39 size-full" src="http://jdkrynen.com/wp-content/uploads/2017/01/DSC01690.jpeg" alt="Le compositeur de musique Jean-Dominique Krynen travaillant sur une partition de musique" width="640" height="426" srcset="https://jdkrynen.com/wp-content/uploads/2017/01/DSC01690.jpeg 640w, https://jdkrynen.com/wp-content/uploads/2017/01/DSC01690-300x200.jpeg 300w" sizes="(max-width: 640px) 100vw, 640px" /><figcaption id="caption-attachment-39" class="wp-caption-text">Jean-Dominique Krynen</figcaption></figure>
<p>Né en 1958 à Toulouse d&#8217;un père hispaniste et théologien, sixième d&#8217;une famille de sept enfants, Jean-Dominique Krynen effectue sa scolarité secondaire au collège jésuite Le Caousou. Dès six ans il découvre la musique auprès de la pianiste Arlette Bonnel-Gertler puis parfait sa formation initiale au Conservatoire National de Région dans les classes de Daniel Beau, Guy Rogué et Guy Lhomme. Parallèlement à ses maîtres, les conseils de la pianiste Thérèse Dussaut et du chef d&#8217;orchestre Jean Périsson lui tracent les exigences d&#8217;un accomplissement de musicien.</p>
<p>Monté à Paris, il se consacre de 1977 à 1986 à des études d’écriture musicale d’abord avec Yvonne Desportes, puis au Conservatoire National Supérieur. Il y obtient les 1<sup>ers</sup> Prix d’Harmonie, de Contrepoint et d’Orchestration dans les classes d’Alain Bernaud, Jean-Paul Holstein et Serge Nigg.</p>
<p>Au cours de ces années d&#8217;études supérieures, il suit de 1978 à 1986 les sessions semestrielles de Phénoménologie musicale et les académies estivales de direction d’orchestre de Sergiu Celibidache, à Trier (Trèves), Mainz (Mayence) et München (Munich). C’est à l’influence de ce dernier maître qu’il doit l’essentiel de ses convictions musicales : illuminations et dessillements.</p>
<p>Compositeur autodidacte, sa vocation se dessine tout au long de ces années en marge des sphères autorisées de la création contemporaine, en rébellion radicale contre l&#8217;hégémonie esthétique avant-gardiste et ses impostures, dans l&#8217;intimité d&#8217;un très petit cercle de musiciens parmi lesquels le compositeur Stéphane Delplace a joué un rôle déterminant. Parallèlement, un intérêt constant pour l’apprentissage musical lui fournit plusieurs terrains d’activité professionnelle : enseignement, orchestration, révision d’éditions, traduction.</p>
<p>Membre de l&#8217;Académie de France à Madrid de 1992 à 1994 (<i>Casa de Velázquez</i> ― concours de l&#8217;Académie des Beaux-Arts), Jean-Dominique Krynen part deux années à Grenade avec son épouse et ses deux enfants, marquant une pause dans sa carrière de directeur de conservatoire, commencée à Rueil-Malmaison en 1987 aux côtés de Jacques Taddei, poursuivie à Paris (VIIe arrondissement) puis en Corse et à Orléans, pour s&#8217;achever à nouveau à Paris (CRR) aux côtés de Xavier Delette.</p>
<p>Distillant longuement ses créations (moins d&#8217;une vingtaine) hors de tout plan de carrière, rétif et inadapté à toute forme moderne de promotion personnelle, ce compositeur inactuel livre ici au passant de la <i>Toile</i> une fenêtre sur une musique qui veut vivre, irrépressiblement.</p>
<p style="text-align: right;" align="left"><i>Paris, mai 2016</i></p>
<p style="text-align: right;" align="left">

<p>Né en 1958 à Toulouse d&#8217;un père hispaniste et théologien, sixième d&#8217;une famille de sept enfants, Jean-Dominique Krynen effectue sa scolarité secondaire au collège jésuite Le Caousou. Dès six ans il découvre la musique auprès de la pianiste Arlette Bonnel-Gertler</p>
