{"id":212,"date":"2017-01-06T13:13:59","date_gmt":"2017-01-06T12:13:59","guid":{"rendered":"http:\/\/jdkrynen.com\/?page_id=212"},"modified":"2017-01-22T17:06:25","modified_gmt":"2017-01-22T16:06:25","slug":"1983-quatuor-isochorde","status":"publish","type":"page","link":"https:\/\/jdkrynen.com\/index.php\/catalogue-des-oeuvres-du-compositeur-jean-dominique-krynen\/1983-quatuor-isochorde\/","title":{"rendered":"1983 \u2015 Quatuor Isochorde"},"content":{"rendered":"<h4>1983<br \/>\nQUATUOR ISOCHORDE, <span style=\"font-size: 0.8em; font-style: italic;\">en 2 parties 16\u2019<\/span><\/h4>\n<ol style=\"list-style-type: upper-roman; list-style-position: inside;\">\n<li class=\"less-margin\">Nuit des Temps <a href=\"http:\/\/jdkrynen.com\/wp-content\/uploads\/2017\/01\/Quatuor-isochorde-I-specimen.pdf\" target=\"_blank\"><img decoding=\"async\" src=\"http:\/\/jdkrynen.com\/wp-content\/uploads\/2017\/01\/Adobe-PDF-Document-icon.png\" alt=\"\" style=\"margin: 0;\" \/><\/a><\/li>\n<li class=\"less-margin\">Palimpseste <a href=\"http:\/\/jdkrynen.com\/wp-content\/uploads\/2017\/01\/Quatuor-isochorde-II-specimen.pdf\" target=\"_blank\"><img decoding=\"async\" src=\"http:\/\/jdkrynen.com\/wp-content\/uploads\/2017\/01\/Adobe-PDF-Document-icon.png\" alt=\"\" style=\"margin: 0;\" \/><\/a><\/li>\n<\/ol>\n<h5>pr\u00e9sentation<\/h5>\n<p>Cet <em>opus 1<\/em> va d&#8217;entr\u00e9e de jeu au plus profond de ce qui ne cessera de nourrir tout mon imaginaire musical, mon esth\u00e9tique et mon langage harmonique et formel.<\/p>\n<p>La premi\u00e8re des deux parties, <em>Nuit des temps<\/em>, est issue de l&#8217;urgence de faire venir au jour la ferveur \u2015 totalement inhib\u00e9e par la pression environnante \u00e0 l&#8217;\u00e9poque \u2015 dont je br\u00fblais pour l&#8217;harmonie comme raison d&#8217;\u00eatre de tout mouvement sonore. Il faut pr\u00e9ciser que dans ces ann\u00e9es 80 du XXe si\u00e8cle en Europe, et tout particuli\u00e8rement en France de par la prise de pouvoir boul\u00e9zienne, toute d\u00e9marche non atonale (le spectralisme n&#8217;en offrait \u00e0 mes yeux qu&#8217;un d\u00e9tour h\u00e9doniste et fig\u00e9) \u00e9tait stigmatis\u00e9e comme l&#8217;attachement maniaque \u00e0 une <em>langue morte<\/em>.<\/p>\n<p>Cela tombait bien, car une fois tomb\u00e9 l&#8217;oukase, je n&#8217;avais plus \u2015 toute honte bue \u2015 qu&#8217;\u00e0 assumer ma dissidence, et approfondir dans mon travail musical ce que mes go\u00fbts de lecteur et d&#8217;esth\u00e8te stimulaient dans mes recherches de dilettante : l&#8217;histoire des empires d\u00e9funts, les liturgies somptueuses, l&#8217;humanisme m\u00e9lancolique et grandiose des temps r\u00e9volus d\u00e9couvert dans Yourcenar, Ghelderode, Suar\u00e8s, Montherlant, Proust. Cette <em>langue morte<\/em> vou\u00e9 au rebut n&#8217;\u00e9tait pas moins que notre h\u00e9ritage et, me concernant plus particuli\u00e8rement, l&#8217;h\u00e9ritage faur\u00e9en.<\/p>\n<p>La seconde partie, <em>Palimpseste<\/em>, rel\u00e8ve d&#8217;un d\u00e9fi formel d\u00e9lib\u00e9r\u00e9, sorte de chaconne de 16 accords par-dessus lesquels repasse sans cesse en une nouvelle couche \u00e9crite la vague de l&#8217;invention, une et diverse, jusqu&#8217;aux limites du m\u00e9connaissable. On reconna\u00eetra dans l&#8217;auto-gen\u00e8se des variations la stimulation due \u00e0 mes \u00e9tudes brahmsiennes d&#8217;alors.<\/p>\n<p>Le projet d&#8217;un quatuor est pour tout jeune compositeur un r\u00eave d&#8217;accomplissement impatient, mais il se doublait pour moi en ce temps-l\u00e0 d&#8217;une songerie sem\u00e9e par les remarques de Sergiu Celibidache \u00e0 propos de la fortune immense de cette formation instrumentale depuis Haydn, dissym\u00e9trique, paradoxalement b\u00e2tie en d\u00e9pit des mod\u00e8les isophoniques de type vocal (soprano\/alto\/t\u00e9nor\/basse) : \u00e0 la r\u00e9partition \u00e9gale des tessitures l&#8217;on substituait un dessus redondant (deux violons), d\u00e9doublant les r\u00f4les du 2nd violon (violon-alto), de l&#8217;alto (alto-t\u00e9nor) et du violoncelle (t\u00e9nor-basse). Remplacer dans une \u0153uvre nouvelle le 2nd violon par un 1er alto pouvait, avec int\u00e9r\u00eat, constituer une autre base acoustique, \u00e9tant entendu que la virtuosit\u00e9 atteinte de nos jours sur tous ces instruments transcendait et d\u00e9multipliait leur <em>\u00e9thos<\/em> originel.<\/p>\n<p>Qualifi\u00e9e aimablement \u00e0 l&#8217;\u00e9poque devant sa classe, sans m\u00eame l&#8217;avoir lue, de trio rat\u00e9 par un grand professeur de musique de chambre au Conservatoire de Paris (lui-m\u00eame 1er violon d&#8217;un c\u00e9l\u00e8bre quatuor), l&#8217;\u0153uvre est d\u00e9di\u00e9e au violoncelliste et compositeur Pierre Noack, confident de ces ann\u00e9es d\u00e9cisives, qui l&#8217;a cr\u00e9\u00e9e chez lui \u00e0 Berlin sous le titre de <em>Quatuor \u00e0 deux altos<\/em>. Le titre d\u00e9finitif de <em>Quatuor Isochorde<\/em> (\u00e0 cordes \u00e9gales) est d\u00fb \u00e0 la r\u00e9v\u00e9lation par l&#8217;altiste Jacques Dupriez (professeur au Conservatoire Royal de Bruxelles) du violon baryton (8ve basse du violon) restitu\u00e9 par le luthier Andr\u00e9 Sakellarid\u00e8s. Sous cette forme, le projet originaire du <em>Quatuor Isochorde<\/em> a finalement atteint son but.<\/p>\n<p class=\"bc_player\"><iframe style=\"border: 0; width: 100%; height: 120px;\" src=\"https:\/\/bandcamp.com\/EmbeddedPlayer\/track=1004880352\/size=large\/bgcol=ffffff\/linkcol=0687f5\/tracklist=false\/artwork=none\/transparent=true\/\" seamless><a href=\"http:\/\/jean-dominiquekrynencompositeur.bandcamp.com\/track\/quatuor-isochorde-i-nuit-des-temps\">Quatuor isochorde &#8211; I. Nuit des Temps by Jean-Dominique Krynen, compositeur<\/a><\/iframe><br \/>\n<iframe style=\"border: 0; width: 100%; height: 120px;\" src=\"https:\/\/bandcamp.com\/EmbeddedPlayer\/track=707652745\/size=large\/bgcol=ffffff\/linkcol=0687f5\/tracklist=false\/artwork=none\/transparent=true\/\" seamless><a href=\"http:\/\/jean-dominiquekrynencompositeur.bandcamp.com\/track\/quatuor-isochorde-ii-palimpseste\">Quatuor isochorde &#8211; II. Palimpseste by Jean-Dominique Krynen, compositeur<\/a><\/iframe><\/p>\n","protected":false},"excerpt":{"rendered":"<p>1983 QUATUOR ISOCHORDE, en 2 parties 16\u2019 Nuit des Temps Palimpseste pr\u00e9sentation Cet opus 1 va d&#8217;entr\u00e9e de jeu au plus profond de ce qui ne cessera de nourrir tout mon imaginaire musical, mon esth\u00e9tique et mon langage harmonique et<\/p>\n","protected":false},"author":1,"featured_media":0,"parent":5,"menu_order":0,"comment_status":"closed","ping_status":"closed","template":"","meta":{"footnotes":""},"_links":{"self":[{"href":"https:\/\/jdkrynen.com\/index.php\/wp-json\/wp\/v2\/pages\/212"}],"collection":[{"href":"https:\/\/jdkrynen.com\/index.php\/wp-json\/wp\/v2\/pages"}],"about":[{"href":"https:\/\/jdkrynen.com\/index.php\/wp-json\/wp\/v2\/types\/page"}],"author":[{"embeddable":true,"href":"https:\/\/jdkrynen.com\/index.php\/wp-json\/wp\/v2\/users\/1"}],"replies":[{"embeddable":true,"href":"https:\/\/jdkrynen.com\/index.php\/wp-json\/wp\/v2\/comments?post=212"}],"version-history":[{"count":11,"href":"https:\/\/jdkrynen.com\/index.php\/wp-json\/wp\/v2\/pages\/212\/revisions"}],"predecessor-version":[{"id":585,"href":"https:\/\/jdkrynen.com\/index.php\/wp-json\/wp\/v2\/pages\/212\/revisions\/585"}],"up":[{"embeddable":true,"href":"https:\/\/jdkrynen.com\/index.php\/wp-json\/wp\/v2\/pages\/5"}],"wp:attachment":[{"href":"https:\/\/jdkrynen.com\/index.php\/wp-json\/wp\/v2\/media?parent=212"}],"curies":[{"name":"wp","href":"https:\/\/api.w.org\/{rel}","templated":true}]}}

<h4>1983<br />
QUATUOR ISOCHORDE, <span style="font-size: 0.8em; font-style: italic;">en 2 parties 16’</span></h4>
<ol style="list-style-type: upper-roman; list-style-position: inside;">
<li class="less-margin">Nuit des Temps <a href="http://jdkrynen.com/wp-content/uploads/2017/01/Quatuor-isochorde-I-specimen.pdf" target="_blank"><img decoding="async" src="http://jdkrynen.com/wp-content/uploads/2017/01/Adobe-PDF-Document-icon.png" alt="" style="margin: 0;" /></a></li>
<li class="less-margin">Palimpseste <a href="http://jdkrynen.com/wp-content/uploads/2017/01/Quatuor-isochorde-II-specimen.pdf" target="_blank"><img decoding="async" src="http://jdkrynen.com/wp-content/uploads/2017/01/Adobe-PDF-Document-icon.png" alt="" style="margin: 0;" /></a></li>
</ol>
<h5>présentation</h5>
<p>Cet <em>opus 1</em> va d&#8217;entrée de jeu au plus profond de ce qui ne cessera de nourrir tout mon imaginaire musical, mon esthétique et mon langage harmonique et formel.</p>
<p>La première des deux parties, <em>Nuit des temps</em>, est issue de l&#8217;urgence de faire venir au jour la ferveur ― totalement inhibée par la pression environnante à l&#8217;époque ― dont je brûlais pour l&#8217;harmonie comme raison d&#8217;être de tout mouvement sonore. Il faut préciser que dans ces années 80 du XXe siècle en Europe, et tout particulièrement en France de par la prise de pouvoir boulézienne, toute démarche non atonale (le spectralisme n&#8217;en offrait à mes yeux qu&#8217;un détour hédoniste et figé) était stigmatisée comme l&#8217;attachement maniaque à une <em>langue morte</em>.</p>
<p>Cela tombait bien, car une fois tombé l&#8217;oukase, je n&#8217;avais plus ― toute honte bue ― qu&#8217;à assumer ma dissidence, et approfondir dans mon travail musical ce que mes goûts de lecteur et d&#8217;esthète stimulaient dans mes recherches de dilettante : l&#8217;histoire des empires défunts, les liturgies somptueuses, l&#8217;humanisme mélancolique et grandiose des temps révolus découvert dans Yourcenar, Ghelderode, Suarès, Montherlant, Proust. Cette <em>langue morte</em> voué au rebut n&#8217;était pas moins que notre héritage et, me concernant plus particulièrement, l&#8217;héritage fauréen.</p>
<p>La seconde partie, <em>Palimpseste</em>, relève d&#8217;un défi formel délibéré, sorte de chaconne de 16 accords par-dessus lesquels repasse sans cesse en une nouvelle couche écrite la vague de l&#8217;invention, une et diverse, jusqu&#8217;aux limites du méconnaissable. On reconnaîtra dans l&#8217;auto-genèse des variations la stimulation due à mes études brahmsiennes d&#8217;alors.</p>
<p>Le projet d&#8217;un quatuor est pour tout jeune compositeur un rêve d&#8217;accomplissement impatient, mais il se doublait pour moi en ce temps-là d&#8217;une songerie semée par les remarques de Sergiu Celibidache à propos de la fortune immense de cette formation instrumentale depuis Haydn, dissymétrique, paradoxalement bâtie en dépit des modèles isophoniques de type vocal (soprano/alto/ténor/basse) : à la répartition égale des tessitures l&#8217;on substituait un dessus redondant (deux violons), dédoublant les rôles du 2nd violon (violon-alto), de l&#8217;alto (alto-ténor) et du violoncelle (ténor-basse). Remplacer dans une œuvre nouvelle le 2nd violon par un 1er alto pouvait, avec intérêt, constituer une autre base acoustique, étant entendu que la virtuosité atteinte de nos jours sur tous ces instruments transcendait et démultipliait leur <em>éthos</em> originel.</p>
<p>Qualifiée aimablement à l&#8217;époque devant sa classe, sans même l&#8217;avoir lue, de trio raté par un grand professeur de musique de chambre au Conservatoire de Paris (lui-même 1er violon d&#8217;un célèbre quatuor), l&#8217;œuvre est dédiée au violoncelliste et compositeur Pierre Noack, confident de ces années décisives, qui l&#8217;a créée chez lui à Berlin sous le titre de <em>Quatuor à deux altos</em>. Le titre définitif de <em>Quatuor Isochorde</em> (à cordes égales) est dû à la révélation par l&#8217;altiste Jacques Dupriez (professeur au Conservatoire Royal de Bruxelles) du violon baryton (8ve basse du violon) restitué par le luthier André Sakellaridès. Sous cette forme, le projet originaire du <em>Quatuor Isochorde</em> a finalement atteint son but.</p>
<p class="bc_player"><iframe style="border: 0; width: 100%; height: 120px;" src="https://bandcamp.com/EmbeddedPlayer/track=1004880352/size=large/bgcol=ffffff/linkcol=0687f5/tracklist=false/artwork=none/transparent=true/" seamless><a href="http://jean-dominiquekrynencompositeur.bandcamp.com/track/quatuor-isochorde-i-nuit-des-temps">Quatuor isochorde &#8211; I. Nuit des Temps by Jean-Dominique Krynen, compositeur</a></iframe><br />
<iframe style="border: 0; width: 100%; height: 120px;" src="https://bandcamp.com/EmbeddedPlayer/track=707652745/size=large/bgcol=ffffff/linkcol=0687f5/tracklist=false/artwork=none/transparent=true/" seamless><a href="http://jean-dominiquekrynencompositeur.bandcamp.com/track/quatuor-isochorde-ii-palimpseste">Quatuor isochorde &#8211; II. Palimpseste by Jean-Dominique Krynen, compositeur</a></iframe></p>

<p>1983 QUATUOR ISOCHORDE, en 2 parties 16’ Nuit des Temps Palimpseste présentation Cet opus 1 va d&#8217;entrée de jeu au plus profond de ce qui ne cessera de nourrir tout mon imaginaire musical, mon esthétique et mon langage harmonique et</p>
