{"id":289,"date":"2017-01-06T14:25:24","date_gmt":"2017-01-06T13:25:24","guid":{"rendered":"http:\/\/jdkrynen.com\/?page_id=289"},"modified":"2017-01-22T17:28:08","modified_gmt":"2017-01-22T16:28:08","slug":"2010-oraison","status":"publish","type":"page","link":"https:\/\/jdkrynen.com\/index.php\/catalogue-des-oeuvres-du-compositeur-jean-dominique-krynen\/2010-oraison\/","title":{"rendered":"2010 \u2015 Oraison"},"content":{"rendered":"<h4>2010<br \/>\nORAISON <span style=\"font-size: 0.8em; font-style: italic;\">13\u2019<br \/>\nvioloncelle seul<\/span><\/h4>\n<h5>pr\u00e9sentation<\/h5>\n<p>Il y a, aux deux extr\u00eames de l&#8217;\u00e9criture musicale, un plaisir aussi vertigineux \u00e0 cr\u00e9er pour un instrument monodique seul que pour grand orchestre. L&#8217;ambition n&#8217;\u00e9tait pas moindre pour moi en \u00e9crivant <em>Oraison<\/em>, et la solitude instrumentale donne au compositeur \u00e0 entendre des chim\u00e8res d&#8217;\u00e9chos orchestraux. Il a fallu reprendre pied avec la r\u00e9alit\u00e9, et le travail intense, sans concessions, avec sa magnifique interpr\u00e8te, Marie-Paule Milone, a \u00e9t\u00e9 une asc\u00e8se d&#8217;un immense profit.<\/p>\n<p>Pour en savoir davantage, on peut se reporter \u00e0 l&#8217;entretien publi\u00e9 dans <em>Le Violoncelle<\/em> n\u00b045, bulletin de l&#8217;Association Fran\u00e7aise du Violoncelle \u2015 d\u00e9cembre 2012 (voir au <em>Bloc-Notes<\/em>).<\/p>\n<p><a href=\"http:\/\/jdkrynen.com\/wp-content\/uploads\/2017\/01\/Oraison-specimen.pdf\" target=\"_blank\"><img decoding=\"async\" src=\"http:\/\/jdkrynen.com\/wp-content\/uploads\/2017\/01\/Adobe-PDF-Document-icon.png\" alt=\"\" style=\"margin: 0;\" \/> Partition<\/a><\/p>\n<p class=\"bc_player\"><iframe style=\"border: 0; width: 100%; height: 120px;\" src=\"https:\/\/bandcamp.com\/EmbeddedPlayer\/track=1924725101\/size=large\/bgcol=ffffff\/linkcol=0687f5\/tracklist=false\/artwork=none\/transparent=true\/\" seamless><a href=\"http:\/\/jean-dominiquekrynencompositeur.bandcamp.com\/track\/oraison-pour-violoncelle-seul\">Oraison, pour violoncelle seul by Marie-Paule Milone, violoncelle<\/a><\/iframe><\/p>\n","protected":false},"excerpt":{"rendered":"<p>2010 ORAISON 13\u2019 violoncelle seul pr\u00e9sentation Il y a, aux deux extr\u00eames de l&#8217;\u00e9criture musicale, un plaisir aussi vertigineux \u00e0 cr\u00e9er pour un instrument monodique seul que pour grand orchestre. L&#8217;ambition n&#8217;\u00e9tait pas moindre pour moi en \u00e9crivant Oraison, et<\/p>\n","protected":false},"author":1,"featured_media":0,"parent":5,"menu_order":0,"comment_status":"closed","ping_status":"closed","template":"","meta":{"footnotes":""},"_links":{"self":[{"href":"https:\/\/jdkrynen.com\/index.php\/wp-json\/wp\/v2\/pages\/289"}],"collection":[{"href":"https:\/\/jdkrynen.com\/index.php\/wp-json\/wp\/v2\/pages"}],"about":[{"href":"https:\/\/jdkrynen.com\/index.php\/wp-json\/wp\/v2\/types\/page"}],"author":[{"embeddable":true,"href":"https:\/\/jdkrynen.com\/index.php\/wp-json\/wp\/v2\/users\/1"}],"replies":[{"embeddable":true,"href":"https:\/\/jdkrynen.com\/index.php\/wp-json\/wp\/v2\/comments?post=289"}],"version-history":[{"count":5,"href":"https:\/\/jdkrynen.com\/index.php\/wp-json\/wp\/v2\/pages\/289\/revisions"}],"predecessor-version":[{"id":520,"href":"https:\/\/jdkrynen.com\/index.php\/wp-json\/wp\/v2\/pages\/289\/revisions\/520"}],"up":[{"embeddable":true,"href":"https:\/\/jdkrynen.com\/index.php\/wp-json\/wp\/v2\/pages\/5"}],"wp:attachment":[{"href":"https:\/\/jdkrynen.com\/index.php\/wp-json\/wp\/v2\/media?parent=289"}],"curies":[{"name":"wp","href":"https:\/\/api.w.org\/{rel}","templated":true}]}}

<h4>2010<br />
ORAISON <span style="font-size: 0.8em; font-style: italic;">13’<br />
violoncelle seul</span></h4>
<h5>présentation</h5>
<p>Il y a, aux deux extrêmes de l&#8217;écriture musicale, un plaisir aussi vertigineux à créer pour un instrument monodique seul que pour grand orchestre. L&#8217;ambition n&#8217;était pas moindre pour moi en écrivant <em>Oraison</em>, et la solitude instrumentale donne au compositeur à entendre des chimères d&#8217;échos orchestraux. Il a fallu reprendre pied avec la réalité, et le travail intense, sans concessions, avec sa magnifique interprète, Marie-Paule Milone, a été une ascèse d&#8217;un immense profit.</p>
<p>Pour en savoir davantage, on peut se reporter à l&#8217;entretien publié dans <em>Le Violoncelle</em> n°45, bulletin de l&#8217;Association Française du Violoncelle ― décembre 2012 (voir au <em>Bloc-Notes</em>).</p>
<p><a href="http://jdkrynen.com/wp-content/uploads/2017/01/Oraison-specimen.pdf" target="_blank"><img decoding="async" src="http://jdkrynen.com/wp-content/uploads/2017/01/Adobe-PDF-Document-icon.png" alt="" style="margin: 0;" /> Partition</a></p>
<p class="bc_player"><iframe style="border: 0; width: 100%; height: 120px;" src="https://bandcamp.com/EmbeddedPlayer/track=1924725101/size=large/bgcol=ffffff/linkcol=0687f5/tracklist=false/artwork=none/transparent=true/" seamless><a href="http://jean-dominiquekrynencompositeur.bandcamp.com/track/oraison-pour-violoncelle-seul">Oraison, pour violoncelle seul by Marie-Paule Milone, violoncelle</a></iframe></p>

<p>2010 ORAISON 13’ violoncelle seul présentation Il y a, aux deux extrêmes de l&#8217;écriture musicale, un plaisir aussi vertigineux à créer pour un instrument monodique seul que pour grand orchestre. L&#8217;ambition n&#8217;était pas moindre pour moi en écrivant Oraison, et</p>
