{"id":297,"date":"2017-01-06T14:34:57","date_gmt":"2017-01-06T13:34:57","guid":{"rendered":"http:\/\/jdkrynen.com\/?page_id=297"},"modified":"2024-06-30T15:56:50","modified_gmt":"2024-06-30T13:56:50","slug":"2015-cantar-de-mio-cid","status":"publish","type":"page","link":"https:\/\/jdkrynen.com\/index.php\/catalogue-des-oeuvres-du-compositeur-jean-dominique-krynen\/2015-cantar-de-mio-cid\/","title":{"rendered":"2015 \u2015 Cantar de Mio Cid"},"content":{"rendered":"<h4>2015<br \/>\nCANTAR DE M\u00cdO CID 30&#8242;<\/h4>\n<p><em>Malinconico<\/em> \u2015 <em>Vivace non troppo<\/em> \u2015 <em>Mouvement de berceuse<\/em> \u2015 <em>Presto<\/em><\/p>\n<p>2 versions :<\/p>\n<ul style=\"list-style-type: disc; list-style-position: inside;\">\n<li class=\"less-margin\">sonate pour guitarecr\u00e9\u00e9e (1er mouvt) \u00e0 l&#8217;Accademia Filarmonica di Bologna (Italie) par G\u00e9rard ABITON le 19 novembre 2015<\/li>\n<li class=\"less-margin\">sonate pour piano (Malinconico, Vivace non troppo, Berceuse, Presto)cr\u00e9\u00e9e au concert Cantus Formus de Nicolas Bacri par Pascal LE CORRE le 27 janvier 2018<\/li>\n<\/ul>\n<p><iframe style=\"border: 0; width: 100%; height: 120px;\" src=\"https:\/\/bandcamp.com\/EmbeddedPlayer\/album=2952769933\/size=large\/bgcol=ffffff\/linkcol=0687f5\/tracklist=false\/artwork=small\/transparent=true\/\" seamless=\"\"><a href=\"http:\/\/jean-dominiquekrynencompositeur.bandcamp.com\/album\/cantar-de-m-o-cid-sonate-pour-piano\">Cantar de m\u00edo Cid, sonate pour piano by Pascal LE CORRE, piano solo<\/a><\/iframe><\/p>\n<h5>pr\u00e9sentation<\/h5>\n<p>Cette premi\u00e8re sonate ne doit son existence qu&#8217;\u00e0 la constance du guitariste G\u00e9rard Abiton \u00e0 me la r\u00e9clamer de nombreuses ann\u00e9es durant, et \u00e0 son \u00e9trange certitude que j&#8217;avais \u00e0 faire quelque chose dans ce domaine. Cela dit, aucune complaisance ne m&#8217;attendait \u00e0 l&#8217;issue, et j&#8217;ai retir\u00e9 de ce fait le plus grand profit d&#8217;une collaboration non moins exigeante qu&#8217;amicale.<\/p>\n<p>Le ton de la ballade \u00e9pique, de la narration m&#8217;a sembl\u00e9 s&#8217;imposer au fur et \u00e0 mesure, que ce soit dans la poursuite formelle ou dans le caract\u00e8re d\u00e9clamatoire. J&#8217;y ai pris un plaisir proportionnel \u00e0 son anachronisme dans la production de musique savante moderne, et peut-\u00eatre ai-je sacrifi\u00e9 sans m&#8217;en rendre compte \u00e0 une sorte de musique de cin\u00e9ma imaginaire. Le beau film d&#8217;Anthony Mann (1961) n&#8217;y est pas pour rien, et davantage je l&#8217;avoue que Corneille. Mais c&#8217;est le castillan archa\u00efque et rugueux de la chanson de geste qui m&#8217;\u00e9voque le mieux l&#8217;humanit\u00e9 du h\u00e9ros, ses vertus et sa noblesse.<\/p>\n<p>La version pour piano n&#8217;est pas une transcription de la guitare, m\u00eame si cette derni\u00e8re peut concourir \u00e0 \u00e9viter certaine prolif\u00e9ration dans le mat\u00e9riau pianistique ; ainsi les deux sonates sont &#8220;orchestr\u00e9es&#8221; tr\u00e8s diff\u00e9remment, le rendu de l&#8217;une ne visant pas celui de l&#8217;autre.<\/p>\n","protected":false},"excerpt":{"rendered":"<p>2015 CANTAR DE M\u00cdO CID 30&#8242; Malinconico \u2015 Vivace non troppo \u2015 Mouvement de berceuse \u2015 Presto 2 versions : sonate pour guitarecr\u00e9\u00e9e (1er mouvt) \u00e0 l&#8217;Accademia Filarmonica di Bologna (Italie) par G\u00e9rard ABITON le 19 novembre 2015 sonate pour<\/p>\n","protected":false},"author":1,"featured_media":0,"parent":5,"menu_order":0,"comment_status":"closed","ping_status":"closed","template":"","meta":{"footnotes":""},"_links":{"self":[{"href":"https:\/\/jdkrynen.com\/index.php\/wp-json\/wp\/v2\/pages\/297"}],"collection":[{"href":"https:\/\/jdkrynen.com\/index.php\/wp-json\/wp\/v2\/pages"}],"about":[{"href":"https:\/\/jdkrynen.com\/index.php\/wp-json\/wp\/v2\/types\/page"}],"author":[{"embeddable":true,"href":"https:\/\/jdkrynen.com\/index.php\/wp-json\/wp\/v2\/users\/1"}],"replies":[{"embeddable":true,"href":"https:\/\/jdkrynen.com\/index.php\/wp-json\/wp\/v2\/comments?post=297"}],"version-history":[{"count":7,"href":"https:\/\/jdkrynen.com\/index.php\/wp-json\/wp\/v2\/pages\/297\/revisions"}],"predecessor-version":[{"id":636,"href":"https:\/\/jdkrynen.com\/index.php\/wp-json\/wp\/v2\/pages\/297\/revisions\/636"}],"up":[{"embeddable":true,"href":"https:\/\/jdkrynen.com\/index.php\/wp-json\/wp\/v2\/pages\/5"}],"wp:attachment":[{"href":"https:\/\/jdkrynen.com\/index.php\/wp-json\/wp\/v2\/media?parent=297"}],"curies":[{"name":"wp","href":"https:\/\/api.w.org\/{rel}","templated":true}]}}

<h4>2015<br />
CANTAR DE MÍO CID 30&#8242;</h4>
<p><em>Malinconico</em> ― <em>Vivace non troppo</em> ― <em>Mouvement de berceuse</em> ― <em>Presto</em></p>
<p>2 versions :</p>
<ul style="list-style-type: disc; list-style-position: inside;">
<li class="less-margin">sonate pour guitarecréée (1er mouvt) à l&#8217;Accademia Filarmonica di Bologna (Italie) par Gérard ABITON le 19 novembre 2015</li>
<li class="less-margin">sonate pour piano (Malinconico, Vivace non troppo, Berceuse, Presto)créée au concert Cantus Formus de Nicolas Bacri par Pascal LE CORRE le 27 janvier 2018</li>
</ul>
<p><iframe style="border: 0; width: 100%; height: 120px;" src="https://bandcamp.com/EmbeddedPlayer/album=2952769933/size=large/bgcol=ffffff/linkcol=0687f5/tracklist=false/artwork=small/transparent=true/" seamless=""><a href="http://jean-dominiquekrynencompositeur.bandcamp.com/album/cantar-de-m-o-cid-sonate-pour-piano">Cantar de mío Cid, sonate pour piano by Pascal LE CORRE, piano solo</a></iframe></p>
<h5>présentation</h5>
<p>Cette première sonate ne doit son existence qu&#8217;à la constance du guitariste Gérard Abiton à me la réclamer de nombreuses années durant, et à son étrange certitude que j&#8217;avais à faire quelque chose dans ce domaine. Cela dit, aucune complaisance ne m&#8217;attendait à l&#8217;issue, et j&#8217;ai retiré de ce fait le plus grand profit d&#8217;une collaboration non moins exigeante qu&#8217;amicale.</p>
<p>Le ton de la ballade épique, de la narration m&#8217;a semblé s&#8217;imposer au fur et à mesure, que ce soit dans la poursuite formelle ou dans le caractère déclamatoire. J&#8217;y ai pris un plaisir proportionnel à son anachronisme dans la production de musique savante moderne, et peut-être ai-je sacrifié sans m&#8217;en rendre compte à une sorte de musique de cinéma imaginaire. Le beau film d&#8217;Anthony Mann (1961) n&#8217;y est pas pour rien, et davantage je l&#8217;avoue que Corneille. Mais c&#8217;est le castillan archaïque et rugueux de la chanson de geste qui m&#8217;évoque le mieux l&#8217;humanité du héros, ses vertus et sa noblesse.</p>
<p>La version pour piano n&#8217;est pas une transcription de la guitare, même si cette dernière peut concourir à éviter certaine prolifération dans le matériau pianistique ; ainsi les deux sonates sont &#8220;orchestrées&#8221; très différemment, le rendu de l&#8217;une ne visant pas celui de l&#8217;autre.</p>

<p>2015 CANTAR DE MÍO CID 30&#8242; Malinconico ― Vivace non troppo ― Mouvement de berceuse ― Presto 2 versions : sonate pour guitarecréée (1er mouvt) à l&#8217;Accademia Filarmonica di Bologna (Italie) par Gérard ABITON le 19 novembre 2015 sonate pour</p>
