{"id":307,"date":"2017-01-06T16:45:34","date_gmt":"2017-01-06T15:45:34","guid":{"rendered":"http:\/\/jdkrynen.com\/?page_id=307"},"modified":"2017-01-22T17:24:57","modified_gmt":"2017-01-22T16:24:57","slug":"2003-nayez-pas-peur","status":"publish","type":"page","link":"https:\/\/jdkrynen.com\/index.php\/catalogue-des-oeuvres-du-compositeur-jean-dominique-krynen\/2003-nayez-pas-peur\/","title":{"rendered":"2003 \u2015 N&#8217;Ayez Pas Peur"},"content":{"rendered":"<h4>2003<br \/>\n&#8220;N&#8217;AYEZ PAS PEUR&#8221; <span style=\"font-size: 0.8em; font-style: italic;\">(Nolite timere) 12\u2019<br \/>\nPetit motet pour deux sopranos, cor, violoncelle et clavier<\/span><\/h4>\n<ol style=\"list-style-type: upper-roman; list-style-position: inside;\">\n<li class=\"less-margin\">R\u00e9citatif : <em>La Temp\u00eate apais\u00e9e<\/em> <a href=\"http:\/\/jdkrynen.com\/wp-content\/uploads\/2017\/01\/Nolite-timere-I-specimen.pdf\" target=\"_blank\"><img decoding=\"async\" src=\"http:\/\/jdkrynen.com\/wp-content\/uploads\/2017\/01\/Adobe-PDF-Document-icon.png\" alt=\"\" style=\"margin: 0;\" \/><\/a><\/li>\n<li class=\"less-margin\">Psaume CXXXIX <a href=\"http:\/\/jdkrynen.com\/wp-content\/uploads\/2017\/01\/Nolite-timere-II-specimen.pdf\" target=\"_blank\"><img decoding=\"async\" src=\"http:\/\/jdkrynen.com\/wp-content\/uploads\/2017\/01\/Adobe-PDF-Document-icon.png\" alt=\"\" style=\"margin: 0;\" \/><\/a><\/li>\n<li class=\"less-margin\">Ave Maria <a href=\"http:\/\/jdkrynen.com\/wp-content\/uploads\/2017\/01\/Nolite-timere-III-specimen.pdf\" target=\"_blank\"><img decoding=\"async\" src=\"http:\/\/jdkrynen.com\/wp-content\/uploads\/2017\/01\/Adobe-PDF-Document-icon.png\" alt=\"\" style=\"margin: 0;\" \/><\/a><\/li>\n<\/ol>\n<h5>pr\u00e9sentation<\/h5>\n<p>C&#8217;est dans l&#8217;intimit\u00e9 familiale d&#8217;Olivier et Marie-Pierre de Rochefort qu&#8217;est n\u00e9 le projet de b\u00e2tir et consacrer une chapelle sur leur propri\u00e9t\u00e9, d\u00e9di\u00e9e \u00e0 la Vierge un 1er mai au cours d&#8217;une c\u00e9r\u00e9monie qu&#8217;ils avaient voulu jalonn\u00e9e d&#8217;une musique originale. Cette composition en constitue les trois parties, articul\u00e9es autour de la confiance dans le Christ, l&#8217;action de gr\u00e2ces pour la beaut\u00e9 de la Cr\u00e9ation et l&#8217;invocation \u00e0 la Vierge.<\/p>\n<p>Aussi appropri\u00e9 \u00e0 la chapelle qu&#8217;au salon, le trio instrumental peu commun qui accompagne le duo vocal permet entre cor et violoncelle de compenser en onctuosit\u00e9 la clart\u00e9 du clavier ancien, que l&#8217;on peut d\u00e9cliner \u00e0 volont\u00e9 du clavecin au piano d&#8217;avant 1880.<\/p>\n<p class=\"bc_player\"><iframe style=\"border: 0; width: 100%; height: 120px;\" src=\"https:\/\/bandcamp.com\/EmbeddedPlayer\/track=2503253681\/size=large\/bgcol=ffffff\/linkcol=0687f5\/tracklist=false\/artwork=none\/transparent=true\/\" seamless><a href=\"http:\/\/jean-dominiquekrynencompositeur.bandcamp.com\/track\/motet-nolite-timere-pour-deux-sopranos-cor-violoncelle-et-pianoforte-1-la-temp-te-apais-e\">Motet Nolite timere, pour deux sopranos, cor, violoncelle et pianoforte &#8211; 1.La temp\u00eate apais\u00e9e by Jean-Dominique Krynen, compositeur<\/a><\/iframe><br \/>\n<iframe style=\"border: 0; width: 100%; height: 120px;\" src=\"https:\/\/bandcamp.com\/EmbeddedPlayer\/track=1458024738\/size=large\/bgcol=ffffff\/linkcol=0687f5\/tracklist=false\/artwork=none\/transparent=true\/\" seamless><a href=\"http:\/\/jean-dominiquekrynencompositeur.bandcamp.com\/track\/motet-nolite-timere-pour-deux-sopranos-cor-violoncelle-et-pianoforte-2-psaume-139\">Motet Nolite timere, pour deux sopranos, cor, violoncelle et pianoforte &#8211; 2.Psaume 139 by Jean-Dominique Krynen, compositeur<\/a><\/iframe><br \/>\n<iframe style=\"border: 0; width: 100%; height: 120px;\" src=\"https:\/\/bandcamp.com\/EmbeddedPlayer\/track=1298384099\/size=large\/bgcol=ffffff\/linkcol=0687f5\/tracklist=false\/artwork=none\/transparent=true\/\" seamless><a href=\"http:\/\/jean-dominiquekrynencompositeur.bandcamp.com\/track\/motet-nolite-timere-pour-deux-sopranos-cor-violoncelle-et-pianoforte-3-ave-maria\">Motet Nolite timere, pour deux sopranos, cor, violoncelle et pianoforte &#8211; 3.Ave Maria by Jean-Dominique Krynen, compositeur<\/a><\/iframe><\/p>\n","protected":false},"excerpt":{"rendered":"<p>2003 &#8220;N&#8217;AYEZ PAS PEUR&#8221; (Nolite timere) 12\u2019 Petit motet pour deux sopranos, cor, violoncelle et clavier R\u00e9citatif : La Temp\u00eate apais\u00e9e Psaume CXXXIX Ave Maria pr\u00e9sentation C&#8217;est dans l&#8217;intimit\u00e9 familiale d&#8217;Olivier et Marie-Pierre de Rochefort qu&#8217;est n\u00e9 le projet de<\/p>\n","protected":false},"author":1,"featured_media":0,"parent":5,"menu_order":0,"comment_status":"closed","ping_status":"closed","template":"","meta":{"footnotes":""},"_links":{"self":[{"href":"https:\/\/jdkrynen.com\/index.php\/wp-json\/wp\/v2\/pages\/307"}],"collection":[{"href":"https:\/\/jdkrynen.com\/index.php\/wp-json\/wp\/v2\/pages"}],"about":[{"href":"https:\/\/jdkrynen.com\/index.php\/wp-json\/wp\/v2\/types\/page"}],"author":[{"embeddable":true,"href":"https:\/\/jdkrynen.com\/index.php\/wp-json\/wp\/v2\/users\/1"}],"replies":[{"embeddable":true,"href":"https:\/\/jdkrynen.com\/index.php\/wp-json\/wp\/v2\/comments?post=307"}],"version-history":[{"count":4,"href":"https:\/\/jdkrynen.com\/index.php\/wp-json\/wp\/v2\/pages\/307\/revisions"}],"predecessor-version":[{"id":516,"href":"https:\/\/jdkrynen.com\/index.php\/wp-json\/wp\/v2\/pages\/307\/revisions\/516"}],"up":[{"embeddable":true,"href":"https:\/\/jdkrynen.com\/index.php\/wp-json\/wp\/v2\/pages\/5"}],"wp:attachment":[{"href":"https:\/\/jdkrynen.com\/index.php\/wp-json\/wp\/v2\/media?parent=307"}],"curies":[{"name":"wp","href":"https:\/\/api.w.org\/{rel}","templated":true}]}}

<h4>2003<br />
&#8220;N&#8217;AYEZ PAS PEUR&#8221; <span style="font-size: 0.8em; font-style: italic;">(Nolite timere) 12’<br />
Petit motet pour deux sopranos, cor, violoncelle et clavier</span></h4>
<ol style="list-style-type: upper-roman; list-style-position: inside;">
<li class="less-margin">Récitatif : <em>La Tempête apaisée</em> <a href="http://jdkrynen.com/wp-content/uploads/2017/01/Nolite-timere-I-specimen.pdf" target="_blank"><img decoding="async" src="http://jdkrynen.com/wp-content/uploads/2017/01/Adobe-PDF-Document-icon.png" alt="" style="margin: 0;" /></a></li>
<li class="less-margin">Psaume CXXXIX <a href="http://jdkrynen.com/wp-content/uploads/2017/01/Nolite-timere-II-specimen.pdf" target="_blank"><img decoding="async" src="http://jdkrynen.com/wp-content/uploads/2017/01/Adobe-PDF-Document-icon.png" alt="" style="margin: 0;" /></a></li>
<li class="less-margin">Ave Maria <a href="http://jdkrynen.com/wp-content/uploads/2017/01/Nolite-timere-III-specimen.pdf" target="_blank"><img decoding="async" src="http://jdkrynen.com/wp-content/uploads/2017/01/Adobe-PDF-Document-icon.png" alt="" style="margin: 0;" /></a></li>
</ol>
<h5>présentation</h5>
<p>C&#8217;est dans l&#8217;intimité familiale d&#8217;Olivier et Marie-Pierre de Rochefort qu&#8217;est né le projet de bâtir et consacrer une chapelle sur leur propriété, dédiée à la Vierge un 1er mai au cours d&#8217;une cérémonie qu&#8217;ils avaient voulu jalonnée d&#8217;une musique originale. Cette composition en constitue les trois parties, articulées autour de la confiance dans le Christ, l&#8217;action de grâces pour la beauté de la Création et l&#8217;invocation à la Vierge.</p>
<p>Aussi approprié à la chapelle qu&#8217;au salon, le trio instrumental peu commun qui accompagne le duo vocal permet entre cor et violoncelle de compenser en onctuosité la clarté du clavier ancien, que l&#8217;on peut décliner à volonté du clavecin au piano d&#8217;avant 1880.</p>
<p class="bc_player"><iframe style="border: 0; width: 100%; height: 120px;" src="https://bandcamp.com/EmbeddedPlayer/track=2503253681/size=large/bgcol=ffffff/linkcol=0687f5/tracklist=false/artwork=none/transparent=true/" seamless><a href="http://jean-dominiquekrynencompositeur.bandcamp.com/track/motet-nolite-timere-pour-deux-sopranos-cor-violoncelle-et-pianoforte-1-la-temp-te-apais-e">Motet Nolite timere, pour deux sopranos, cor, violoncelle et pianoforte &#8211; 1.La tempête apaisée by Jean-Dominique Krynen, compositeur</a></iframe><br />
<iframe style="border: 0; width: 100%; height: 120px;" src="https://bandcamp.com/EmbeddedPlayer/track=1458024738/size=large/bgcol=ffffff/linkcol=0687f5/tracklist=false/artwork=none/transparent=true/" seamless><a href="http://jean-dominiquekrynencompositeur.bandcamp.com/track/motet-nolite-timere-pour-deux-sopranos-cor-violoncelle-et-pianoforte-2-psaume-139">Motet Nolite timere, pour deux sopranos, cor, violoncelle et pianoforte &#8211; 2.Psaume 139 by Jean-Dominique Krynen, compositeur</a></iframe><br />
<iframe style="border: 0; width: 100%; height: 120px;" src="https://bandcamp.com/EmbeddedPlayer/track=1298384099/size=large/bgcol=ffffff/linkcol=0687f5/tracklist=false/artwork=none/transparent=true/" seamless><a href="http://jean-dominiquekrynencompositeur.bandcamp.com/track/motet-nolite-timere-pour-deux-sopranos-cor-violoncelle-et-pianoforte-3-ave-maria">Motet Nolite timere, pour deux sopranos, cor, violoncelle et pianoforte &#8211; 3.Ave Maria by Jean-Dominique Krynen, compositeur</a></iframe></p>

<p>2003 &#8220;N&#8217;AYEZ PAS PEUR&#8221; (Nolite timere) 12’ Petit motet pour deux sopranos, cor, violoncelle et clavier Récitatif : La Tempête apaisée Psaume CXXXIX Ave Maria présentation C&#8217;est dans l&#8217;intimité familiale d&#8217;Olivier et Marie-Pierre de Rochefort qu&#8217;est né le projet de</p>
