{"id":311,"date":"2017-01-06T16:50:18","date_gmt":"2017-01-06T15:50:18","guid":{"rendered":"http:\/\/jdkrynen.com\/?page_id=311"},"modified":"2017-02-08T09:13:02","modified_gmt":"2017-02-08T08:13:02","slug":"1994-1995-regates","status":"publish","type":"page","link":"https:\/\/jdkrynen.com\/index.php\/catalogue-des-oeuvres-du-compositeur-jean-dominique-krynen\/1994-1995-regates\/","title":{"rendered":"1994-1995 \u2015 R\u00e9gates"},"content":{"rendered":"<h4>1994-1995<br \/>\nR\u00c9GATES <span style=\"font-size: 0.8em; font-style: italic;\">10\u2019<\/span><\/h4>\n<ul style=\"list-style-type: disc; list-style-position: inside;\">\n<li class=\"less-margin\">1\u00e8re version, pour octuor de violoncelles <a href=\"http:\/\/jdkrynen.com\/wp-content\/uploads\/2017\/02\/R\u00e9gates-octuor-celli-specimen.pdf\" target=\"_blank\"><img decoding=\"async\" src=\"http:\/\/jdkrynen.com\/wp-content\/uploads\/2017\/01\/Adobe-PDF-Document-icon.png\" alt=\"\" style=\"margin: 0;\" \/><\/a><\/li>\n<li class=\"less-margin\">2e version, pour violoncelle et petit orchestre <a href=\"http:\/\/jdkrynen.com\/wp-content\/uploads\/2017\/02\/R\u00e9gates-cello-orchestre-specimen.pdf\" target=\"_blank\"><img decoding=\"async\" src=\"http:\/\/jdkrynen.com\/wp-content\/uploads\/2017\/01\/Adobe-PDF-Document-icon.png\" alt=\"\" style=\"margin: 0;\" \/><\/a>\n<p>(1.1.1.1.\/2.0.\/timp.cymb.\/ha\/cordes)<\/p>\n<\/li>\n<\/ul>\n<h5>pr\u00e9sentation<\/h5>\n<p>L&#8217;ann\u00e9e de mes dix-sept ans fut celle de ma premi\u00e8re et derni\u00e8re croisi\u00e8re en voilier, largement initiatique puisque nous manqu\u00e2mes de peu le naufrage. J&#8217;ai voulu traduire vingt ans plus tard en impressions musicales la sensualit\u00e9 de l&#8217;eau, du vent, du soleil et du sel, dont le souvenir \u00e9merveill\u00e9 ne m&#8217;a plus quitt\u00e9.<\/p>\n<p class=\"bc_player\"><iframe style=\"border: 0; width: 100%; height: 120px;\" src=\"https:\/\/bandcamp.com\/EmbeddedPlayer\/track=695723904\/size=large\/bgcol=ffffff\/linkcol=0687f5\/tracklist=false\/artwork=none\/transparent=true\/\" seamless><a href=\"http:\/\/jean-dominiquekrynencompositeur.bandcamp.com\/track\/r-gates-pour-8-violoncelles\">R\u00e9gates, pour 8 violoncelles by Jean-Dominique Krynen, compositeur<\/a><\/iframe><br \/>\n<iframe style=\"border: 0; width: 100%; height: 120px;\" src=\"https:\/\/bandcamp.com\/EmbeddedPlayer\/track=2661434861\/size=large\/bgcol=ffffff\/linkcol=0687f5\/tracklist=false\/artwork=none\/transparent=true\/\" seamless><a href=\"http:\/\/jean-dominiquekrynencompositeur.bandcamp.com\/track\/r-gates-pour-violoncelle-et-orchestre-de-chambre\">R\u00e9gates, pour violoncelle et orchestre de chambre by Jean-Dominique Krynen, compositeur<\/a><\/iframe><\/p>\n","protected":false},"excerpt":{"rendered":"<p>1994-1995 R\u00c9GATES 10\u2019 1\u00e8re version, pour octuor de violoncelles 2e version, pour violoncelle et petit orchestre (1.1.1.1.\/2.0.\/timp.cymb.\/ha\/cordes) pr\u00e9sentation L&#8217;ann\u00e9e de mes dix-sept ans fut celle de ma premi\u00e8re et derni\u00e8re croisi\u00e8re en voilier, largement initiatique puisque nous manqu\u00e2mes de peu<\/p>\n","protected":false},"author":1,"featured_media":0,"parent":5,"menu_order":0,"comment_status":"closed","ping_status":"closed","template":"","meta":{"footnotes":""},"_links":{"self":[{"href":"https:\/\/jdkrynen.com\/index.php\/wp-json\/wp\/v2\/pages\/311"}],"collection":[{"href":"https:\/\/jdkrynen.com\/index.php\/wp-json\/wp\/v2\/pages"}],"about":[{"href":"https:\/\/jdkrynen.com\/index.php\/wp-json\/wp\/v2\/types\/page"}],"author":[{"embeddable":true,"href":"https:\/\/jdkrynen.com\/index.php\/wp-json\/wp\/v2\/users\/1"}],"replies":[{"embeddable":true,"href":"https:\/\/jdkrynen.com\/index.php\/wp-json\/wp\/v2\/comments?post=311"}],"version-history":[{"count":9,"href":"https:\/\/jdkrynen.com\/index.php\/wp-json\/wp\/v2\/pages\/311\/revisions"}],"predecessor-version":[{"id":313,"href":"https:\/\/jdkrynen.com\/index.php\/wp-json\/wp\/v2\/pages\/311\/revisions\/313"}],"up":[{"embeddable":true,"href":"https:\/\/jdkrynen.com\/index.php\/wp-json\/wp\/v2\/pages\/5"}],"wp:attachment":[{"href":"https:\/\/jdkrynen.com\/index.php\/wp-json\/wp\/v2\/media?parent=311"}],"curies":[{"name":"wp","href":"https:\/\/api.w.org\/{rel}","templated":true}]}}