{"id":439,"date":"2017-01-22T16:38:38","date_gmt":"2017-01-22T15:38:38","guid":{"rendered":"http:\/\/jdkrynen.com\/?page_id=439"},"modified":"2024-07-09T15:37:56","modified_gmt":"2024-07-09T13:37:56","slug":"interpretes","status":"publish","type":"page","link":"https:\/\/jdkrynen.com\/index.php\/interpretes\/","title":{"rendered":"Interpr\u00e8tes"},"content":{"rendered":"<p><em>Les extraits enregistr\u00e9s que l&#8217;on peut entendre sur ce site (soit en public soit en CD le cas \u00e9ch\u00e9ant) sont interpr\u00e9t\u00e9s par les artistes dont les noms suivent. L&#8217;auteur leur exprime toute sa gratitude pour avoir contribu\u00e9 \u00e0 donner jour \u00e0 ces \u0153uvres.<\/em><\/p>\n<div class=\"spacer-div\"><\/div>\n<h4>QUATUOR ISOCHORDE, <span style=\"font-size: 0.5em; font-style: italic;\">en 2 parties<\/span><\/h4>\n<p>Bernhard HARTOG (violon), Tom C. TURNER, Leo KLEPPER (altos) et Pierre NOACK (violoncelle)<\/p>\n<div class=\"spacer-div\"><\/div>\n<h4>TROIS CHANTS FUN\u00c8BRES ANONYMES SARDES<\/h4>\n<p>B\u00e9atrice GAUCET, soprano, et Alain JACQUON, piano<br \/>\n1 CD <em>MAGUELONE<\/em><\/p>\n<div class=\"spacer-div\"><\/div>\n<h4>SENSO, <span style=\"font-size: 0.5em; font-style: italic;\">valse (2\u00e8 version pour deux pianos 12 mains)<\/span><\/h4>\n<p>Martin BEAU, Alexis GRIZARD, Kyoko INOUE, Marie LAMBERT, Moeka UENO, Rino YAMASHITA<\/p>\n<div class=\"spacer-div\"><\/div>\n<h4>CALVAIRE DES INNOCENTS <span style=\"font-size: 0.5em; font-style: italic;\">1\u00e8re version \u00e0 4 mains<\/span><\/h4>\n<p>Sylvie KANOUI (\u2020) et l&#8217;auteur<\/p>\n<div class=\"spacer-div\"><\/div>\n<h4>LA NOCHE OSCURA <span style=\"font-size: 0.5em; font-style: italic;\">(po\u00e8me de la Nuit Obscure) de Saint Jean de la Croix<br \/>\npour baryton, ch\u0153ur d\u2019hommes et orgue (en langue espagnole)<\/span><\/h4>\n<p>Jos\u00e9 Antonio CARRIL, baryton, le Ch\u0153ur ARS NOVA dir. Sabas CALVILLO, et Jean-Pierre LECAUDEY, orgue<\/p>\n<div class=\"spacer-div\"><\/div>\n<h4>CINQ PO\u00c8MES du ROMANCERO GITAN <span style=\"font-size: 0.5em; font-style: italic;\">de Federico Garc\u00eda Lorca<br \/>\npour soprano, baryton et trio piano-violon-violoncelle<\/span><\/h4>\n<p>B\u00e9atrice GAUCET, soprano, James GOWINGS, baryton, et le TRIO HENRY<br \/>\n1 CD <em>MAGUELONE<\/em><\/p>\n<div class=\"spacer-div\"><\/div>\n<h4>R\u00c9GATES<\/h4>\n<ul style=\"list-style-type: disc; list-style-position: inside;\">\n<li class=\"less-margin\">1\u00e8re version, pour octuor de violoncelles<br \/>\nEnsemble Jean-Louis Florentz, dir. Marcel BARDON<\/li>\n<li class=\"less-margin\">2\u00e8 version, pour violoncelle et petit orchestre<br \/>\nMarc COPPEY, violoncelle solo, Orchestre des Jeunes du CRR de Paris direction Xavier DELETTE<\/li>\n<\/ul>\n<div class=\"spacer-div\"><\/div>\n<h4>TROIS CHANSONS DE L\u2019AMOUR DIVIN, <span style=\"font-size: 0.5em; font-style: italic;\">de Saint Jean de la Croix<br \/>\npour ch\u0153ur de femmes \u00e0 3 voix et harpe<\/span><\/h4>\n<ol style=\"list-style-type: upper-roman; list-style-position: inside;\">\n<li class=\"less-margin\">I &amp; II : classe de Direction de ch\u0153urs du CNSM de Lyon (dir. Bernard T\u00c9TU) Manon Louis, harpe<\/li>\n<li class=\"less-margin\">III : id. (dir. Nicole CORTI) NN, piano<\/li>\n<\/ol>\n<div class=\"spacer-div\"><\/div>\n<h4>&#8220;N&#8217;AYEZ PAS PEUR&#8221; <span style=\"font-size: 0.5em; font-style: italic;\">(Nolite timere)<br \/>\npour deux sopranos, cor, violoncelle et clavier<\/span><\/h4>\n<p>Sharon COSTE, Corinne SERTILLANGES, sopranos,<br \/>\nPascal PROUST, cor, Rapha\u00eble S\u00c9M\u00c9ZIS, violoncelle et Denis PORAS, piano ancien<\/p>\n<div class=\"spacer-div\"><\/div>\n<h4>FRYDERYK C. \u00c0 WILLIAM T., <span style=\"font-size: 0.5em; font-style: italic;\">Barcarolle<\/span><\/h4>\n<p>Billy EIDI, piano solo<\/p>\n<div class=\"spacer-div\"><\/div>\n<h4>ORAISON<\/h4>\n<p>Marie-Paule MILONE, violoncelle solo<\/p>\n<div class=\"spacer-div\"><\/div>\n<h4>ZU GOTT SOLLST DU NICHT SCHREIEN <span style=\"font-size: 0.5em; font-style: italic;\">(Angelus Silesius)<br \/>\nAria pour soprano et deux basses de viole<\/span><\/h4>\n<p>C\u00e9cile GRANGER, soprano, Caroline HOWALD et Ariane MAURETTE, basses de viole<br \/>\n1 CD <em>Ferveur, Louange et Passion<\/em> (Paraty 415133)<\/p>\n<div class=\"spacer-div\"><\/div>\n<h4>CANTAR DE M\u00cdO CID<\/h4>\n<p>G\u00e9rard ABITON, guitare<br \/>\nPascal LE CORRE, piano &#8211; (YouTube : <a href=\"https:\/\/youtu.be\/WPh_NWT3u4M\" target=\"_blank\" rel=\"noopener\">https:\/\/youtu.be\/WPh_NWT3u4M<\/a>)<\/p>\n","protected":false},"excerpt":{"rendered":"<p>Les extraits enregistr\u00e9s que l&#8217;on peut entendre sur ce site (soit en public soit en CD le cas \u00e9ch\u00e9ant) sont interpr\u00e9t\u00e9s par les artistes dont les noms suivent. L&#8217;auteur leur exprime toute sa gratitude pour avoir contribu\u00e9 \u00e0 donner jour<\/p>\n","protected":false},"author":1,"featured_media":0,"parent":0,"menu_order":0,"comment_status":"closed","ping_status":"closed","template":"","meta":{"footnotes":""},"_links":{"self":[{"href":"https:\/\/jdkrynen.com\/index.php\/wp-json\/wp\/v2\/pages\/439"}],"collection":[{"href":"https:\/\/jdkrynen.com\/index.php\/wp-json\/wp\/v2\/pages"}],"about":[{"href":"https:\/\/jdkrynen.com\/index.php\/wp-json\/wp\/v2\/types\/page"}],"author":[{"embeddable":true,"href":"https:\/\/jdkrynen.com\/index.php\/wp-json\/wp\/v2\/users\/1"}],"replies":[{"embeddable":true,"href":"https:\/\/jdkrynen.com\/index.php\/wp-json\/wp\/v2\/comments?post=439"}],"version-history":[{"count":9,"href":"https:\/\/jdkrynen.com\/index.php\/wp-json\/wp\/v2\/pages\/439\/revisions"}],"predecessor-version":[{"id":642,"href":"https:\/\/jdkrynen.com\/index.php\/wp-json\/wp\/v2\/pages\/439\/revisions\/642"}],"wp:attachment":[{"href":"https:\/\/jdkrynen.com\/index.php\/wp-json\/wp\/v2\/media?parent=439"}],"curies":[{"name":"wp","href":"https:\/\/api.w.org\/{rel}","templated":true}]}}