{"id":5,"date":"2016-12-29T17:50:10","date_gmt":"2016-12-29T16:50:10","guid":{"rendered":"http:\/\/jdkrynen.com\/?page_id=5"},"modified":"2024-07-10T10:19:24","modified_gmt":"2024-07-10T08:19:24","slug":"catalogue-des-oeuvres-du-compositeur-jean-dominique-krynen","status":"publish","type":"page","link":"https:\/\/jdkrynen.com\/index.php\/catalogue-des-oeuvres-du-compositeur-jean-dominique-krynen\/","title":{"rendered":"Catalogue des \u0153uvres"},"content":{"rendered":"\n<p><em>Voici le catalogue des \u0153uvres de Jean-Dominique Krynen. Cliquez sur les titres des \u0153uvres pour acc\u00e9der \u00e0 la fiche de pr\u00e9sentation et d&#8217;\u00e9coute de l\u2019\u0153uvre.<\/em><\/p>\n\n\n\n<div class=\"spacer-div\"><\/div>\n<h4><a href=\"1983-quatuor-isochorde\">1983<br>QUATUOR ISOCHORDE, <span style=\"font-size: 0.8em; font-style: italic;\">en 2 parties 16\u2019<\/span><\/a><\/h4>\n<ol style=\"list-style-type: upper-roman; list-style-position: inside;\">\n<li class=\"less-margin\">Nuit des Temps<\/li>\n<li class=\"less-margin\">Palimpseste<\/li>\n<\/ol>\n<ul style=\"list-style-type: disc; list-style-position: inside;\">\n<li>1\u00e8re version pour violon, alto 1, alto 2, violoncelle\n<p>cr\u00e9\u00e9 \u00e0 Berlin le 25 avril 1987 par Bernhard HARTOG, Tom C. TURNER, Leo KLEPPER<br>et Pierre NOACK, membres de l\u2019Orchestre Radio-symphonique (RIAS) de Berlin (aujourd&#8217;hui DSO).<\/p><\/li>\n<li>2e version (2014) pour violon, alto, violon baryton, violoncelle\n<p>cr\u00e9\u00e9 \u00e0 Paris (VIOLA&#8217;s 2014 \u2015 journ\u00e9es de l&#8217;Alto) le 6 avril 2014 par le Quatuor Baryton Dupriez (violon Jean Rochefort, alto Jean-Baptiste Brunier, violon baryton Jacques Dupriez, violoncelle Sara Avent)<\/p><\/li>\n<\/ul>\n\n\n\n<div class=\"spacer-div\"><\/div>\n<h4><a href=\"1984-odes-pour-l-asie-mineure\">1984<br>ODES POUR L\u2019ASIE MINEURE <span style=\"font-size: 0.8em; font-style: italic;\">11\u2019<br>(clarinette et harpe) \u2013 Ed. Billaudot<\/span><\/a><\/h4>\n<ol style=\"list-style-type: upper-roman; list-style-position: inside;\">\n<li class=\"less-margin\">Phaselis<\/li>\n<li class=\"less-margin\">Termessos<\/li>\n<\/ol>\n<p>cr\u00e9\u00e9 \u00e0 Paris le 28 janvier 1984 (Eglise Saint-Merri) par Gabriel SAUVAIRE et Catherine de PREISSAC.<\/p>\n\n\n\n<div class=\"spacer-div\"><\/div>\n<h4><a href=\"1986-1988-trois-chants-funebres-anonymes-sardes\">1986-1988<br>TROIS CHANTS FUN\u00c8BRES ANONYMES SARDES <span style=\"font-size: 0.8em; font-style: italic;\">22\u2019<br>pour soprano et piano&nbsp;(en langue sarde)<\/span><\/a><\/h4>\n<ol style=\"list-style-type: upper-roman; list-style-position: inside;\">\n<li class=\"less-margin\">Una mirata sola (une m\u00e8re pour sa fillette)<\/li>\n<li class=\"less-margin\">Unu raju &#8216;e luche (une veuve pour son fils unique)<\/li>\n<li class=\"less-margin\">Ite mala fortuna (une jeune \u00e9pouse pour son mari)<\/li>\n<\/ol>\n<p>cr\u00e9\u00e9s \u00e0 l\u2019auditorium Paul-Louis Weiller (C.N.R.) de Rueil-Malmaison le 20 mai 1988 par<br>Marie-Dominique MORNAY et Alain JACQUON.<\/p>\n<p><em>enregistr\u00e9s en avril et juillet 1998 par B\u00e9atrice GAUCET, soprano, et Alain JACQUON, piano \u2015 prise de son&nbsp;: Didier HENRY 1 CD MAGUELONE (sortie 2001)<\/em><\/p>\n\n\n\n<div class=\"spacer-div\"><\/div>\n<h4><a href=\"1990-senso\">1990<br>SENSO, <span style=\"font-size: 0.8em; font-style: italic;\">valse 9\u2019<\/span><\/a><\/h4>\n<ul style=\"list-style-type: disc; list-style-position: inside;\">\n<li class=\"less-margin\">1\u00e8re version pour violon, clarinette, contrebasse et piano\n<p>cr\u00e9\u00e9 \u00e0 Paris le 19 mai 1990 (Centre B\u00f6sendorfer) par Agn\u00e8s REVERDY, Claire VERGNORY-MION, Dominique PATRIS et l\u2019auteur.<\/p>\n<\/li>\n<li class=\"less-margin\">2e version pour deux pianos 12 mains<\/li>\n<li class=\"less-margin\">3e version pour piano solo (2014)\n<p>cr\u00e9\u00e9e \u00e0 Paris le 1er juillet 2014 (commande du Festival Chopin de Bagatelle) par Jean-Fran\u00e7ois HEISSER<\/p>\n<\/li>\n<\/ul>\n\n\n\n<div class=\"spacer-div\"><\/div>\n<h4><a href=\"1991-1992-calvaire-des-innocents\">1991-1992<br>CALVAIRE DES INNOCENTS <span style=\"font-size: 0.8em; font-style: italic;\">11\u201930<\/span><\/a><\/h4>\n<ul style=\"list-style-type: disc; list-style-position: inside;\">\n<li class=\"less-margin\">1\u00e8re version pour 2 pianos \u00e0 4 mains<\/li>\n<li class=\"less-margin\">2e version pour orchestre symphonique\n<p>(3.[2 picc.]\/3.[c.a.]\/2.&nbsp;+cl.b.\/2 sax.&nbsp;\/3. \/\/ 4.\/3.\/3.+tuba \/\/ 2ha, timp., cel., perc. \/\/ cordes)<\/p>\n<\/li>\n<\/ul>\n<p>cr\u00e9\u00e9 \u00e0 Madrid (1\u00e8re version) le 2 d\u00e9cembre 1993 \u00e0 la <em>Residencia de Estudiantes<\/em> par Catherine BERTOUX et Alain JACQUON<\/p>\n\n\n\n<div class=\"spacer-div\"><\/div>\n<h4><a href=\"1993-la-noche-oscura\">1993<br>LA NOCHE OSCURA <span style=\"font-size: 0.8em; font-style: italic;\">(po\u00e8me de la Nuit Obscure) de Saint Jean de la Croix 12\u2019<br>pour baryton, ch\u0153ur d\u2019hommes et orgue&nbsp;(en langue espagnole)<\/span><\/a><\/h4>\n<p>cr\u00e9\u00e9 \u00e0 Madrid (Auditorio Nacional) le 19 mai 1993 par Jos\u00e9 Antonio CARRIL, le Ch\u0153ur ARS NOVA dirig\u00e9 par Sabas CALVILLO, et Jean-Pierre LECAUDEY.<\/p>\n\n\n\n<div class=\"spacer-div\"><\/div>\n<h4><a href=\"1993-cinq-poemes-du-romancero-gitan\">1993<br>CINQ PO\u00c8MES du ROMANCERO GITAN <span style=\"font-size: 0.8em; font-style: italic;\">de Federico Garc\u00eda Lorca 47\u2019<br>pour soprano, baryton et trio piano-violon-violoncelle&nbsp;(en langue espagnole)<\/span><\/a><\/h4>\n<ol style=\"list-style-type: upper-roman; list-style-position: inside;\">\n<li class=\"less-margin\">Preciosa y el aire<\/li>\n<li class=\"less-margin\">La monja gitana<\/li>\n<li class=\"less-margin\">Romance de la pena negra<\/li>\n<li class=\"less-margin\">Muerte de Anto\u00f1ito El Camborio<\/li>\n<li class=\"less-margin\">San Gabriel (Sevilla)<\/li>\n<\/ol>\n<ul style=\"list-style-type: disc; list-style-position: inside;\">\n<li>cr\u00e9\u00e9s partiellement :\n<ul style=\"list-style-type: circle; list-style-position: inside;\">\n<li class=\"less-margin\">nos II &amp; IV \u00e0 Paris (studio 106 de Radio-France) le 28 septembre 1993 par B\u00e9atrice GAUCET, Didier HENRY et le TRIO HENRY (Gilles HENRY, Antoine LADRETTE, Yves HENRY)<\/li>\n<li class=\"less-margin\">n\u00b0 I \u00e0 Fontainebleau (Halle de Villars) le 19 novembre 2004 par Corinne SERTILLANGES, Philippe CANTOR et l&#8217;Ensemble Instrumental Jean-Walter Audoli (spectacle <em>Passions Andalouses<\/em>, mise en sc\u00e8ne Jean-Claude Mathon)<\/li>\n<\/ul>\n<\/li>\n<li>premi\u00e8re audition int\u00e9grale, avec les lectures par le po\u00e8te Antonio CARVAJAL\n<p>Grenade (Espagne), Aula Magna de la Facult\u00e9 de M\u00e9decine, le 23 avril 2009 par Laura SABATEL, Angel JIM\u00c9NEZ et le TRIO SULAYR (Ana LUQUE, Gabriel DELGADO, Diego JUAN).<\/p>\n<\/li>\n<\/ul>\n<p><em>enregistr\u00e9s en avril et juillet 1998 par B\u00e9atrice GAUCET, soprano, James GOWINGS, baryton, et le TRIO HENRY \u2015 prise de son&nbsp;: Didier HENRY 1 CD MAGUELONE (sortie 2001)<\/em><\/p>\n\n\n\n<div class=\"spacer-div\"><\/div>\n<h4><a href=\"1993-con-grazia-ed-intimissimo-sentimento\">1993<br>CON GRAZIA ED INTIMISSIMO SENTIMENTO <span style=\"font-size: 0.8em; font-style: italic;\">23\u2019<br>quatre \u00e9tudes-variations d\u2019apr\u00e8s l\u2019Intermezzo op.116 n\u00b05 de Brahms<\/span><\/a><\/h4>\n<ul style=\"list-style-type: disc; list-style-position: inside;\">\n<li class=\"less-margin\">1\u00e8re version*, pour quintette \u00e0 vents\n<p>cr\u00e9\u00e9e le 9 f\u00e9vrier 1994 \u00e0 Madrid (Auditorio Nacional) par l\u2019Ensemble 2e2m,<br>et \u00e0 Paris le 20 mars 1995 (Centre Pompidou) par le Quintette Nielsen<\/p>\n<\/li>\n<li class=\"less-margin\">2e version, pour deux pianos<\/li>\n<\/ul>\n\n\n\n<div class=\"spacer-div\"><\/div>\n<h4><a href=\"1994-1995-regates\">1994-1995<br>R\u00c9GATES <span style=\"font-size: 0.8em; font-style: italic;\">10\u2019<\/span><\/a><\/h4>\n<ul style=\"list-style-type: disc; list-style-position: inside;\">\n<li class=\"less-margin\">1\u00e8re version*, pour octuor de violoncelles<\/li>\n<li class=\"less-margin\">2e version**, pour violoncelle et petit orchestre\n<p>(1.1.1.1.\/2.0.\/timp.cymb.\/ha\/cordes)<\/p>\n<\/li>\n<\/ul>\n<p>*cr\u00e9\u00e9e le 13 janvier 2009 \u00e0 Orl\u00e9ans (salle de l&#8217;Institut) par Rapha\u00eble SEMEZIS, Fran\u00e7ois POLY et les \u00e9l\u00e8ves du Conservatoire<\/p>\n<p>**cr\u00e9\u00e9e le 18 novembre 1996 \u00e0 Paris (Salle Pleyel) par Henri DEMARQUETTE et l\u2019Orchestre COLONNE, dir. Antonello ALLEMANDI<\/p>\n<p><em>La version originale pour huit violoncelles a \u00e9t\u00e9 donn\u00e9e en 2e audition dans le m\u00eame concert que la version concertante, au CRR de Paris le 31 mai 2012, respectivement par Marcel Bardon dirigeant l&#8217;Ensemble Jean-Louis Florentz, puis Marc Coppey en soliste avec l&#8217;Orchestre des Jeunes du CRR dirig\u00e9 par Xavier Delette.<\/em><\/p>\n\n\n\n<div class=\"spacer-div\"><\/div>\n<h4><a href=\"1999-2000-trois-chansons-de-l-amour-divin\">1999-2000<br>TROIS CHANSONS DE L\u2019AMOUR DIVIN, <span style=\"font-size: 0.8em; font-style: italic;\">de Saint Jean de la Croix 17\u2019<br>pour ch\u0153ur de femmes \u00e0 3 voix et harpe&nbsp;; en langue espagnole<\/span><\/a><\/h4>\n<ol style=\"list-style-type: upper-roman; list-style-position: inside;\">\n<li class=\"less-margin\">Llama de amor viva*<\/li>\n<li class=\"less-margin\">Un pastorcico solo est\u00e1 penado*<\/li>\n<li class=\"less-margin\">Tras de un amoroso lance**<\/li>\n<\/ol>\n<p>*cr\u00e9\u00e9es au Conservatoire National Sup\u00e9rieur de Musique de Lyon (salle Var\u00e8se) le 21 mai 2004 par la classe de Direction de ch\u0153urs (dir. Bernard T\u00c9TU). Harpe : Manon Louis.<\/p>\n<p>**cr\u00e9\u00e9e dans le m\u00eame cadre le 8 f\u00e9vrier 2013 (avec piano) sous la direction de Nicole CORTI.<\/p>\n\n\n\n<div class=\"spacer-div\"><\/div>\n<h4><a href=\"2003-nayez-pas-peur\">2003<br>\u201cN&#8217;AYEZ PAS PEUR\u201d <span style=\"font-size: 0.8em; font-style: italic;\">(Nolite timere) 12\u2019<br>Petit motet pour deux sopranos, cor, violoncelle et clavier<\/span><\/a><\/h4>\n<ol style=\"list-style-type: upper-roman; list-style-position: inside;\">\n<li class=\"less-margin\">R\u00e9citatif : <em>La Temp\u00eate apais\u00e9e<\/em><\/li>\n<li class=\"less-margin\">Psaume CXXXIX<\/li>\n<li class=\"less-margin\">Ave Maria<\/li>\n<\/ol>\n<p>commande pour l&#8217;inauguration de la chapelle de Vieux-Gu\u00e9 (Cerdon du Loiret, Sologne), cr\u00e9\u00e9e le 1er mai 2004 par Sharon COSTE, Corinne SERTILLANGES, Pascal PROUST, Rapha\u00eble S\u00c9M\u00c9ZIS et Denis PORAS<\/p>\n\n\n\n<div class=\"spacer-div\"><\/div>\n<h4><a href=\"2006-fryderyk-c-a-william-t\">2006<br>FRYDERYK C. \u00c0 WILLIAM T., <span style=\"font-size: 0.8em; font-style: italic;\">Barcarolle 8\u2019<br>piano solo<\/span><\/a><\/h4>\n<p>cr\u00e9\u00e9e le 28 janvier 2009 par Billy EIDI \u00e0 l&#8217;auditorium Marcel Landowski du CRR de Paris, dans le cadre des concerts <em>Cantus Formus<\/em> programm\u00e9s par Nicolas BACRI<\/p>\n\n\n\n<div class=\"spacer-div\"><\/div>\n<h4><a href=\"2008-kalamatiano\">2008<br>KALAMATIANO, <span style=\"font-size: 0.8em; font-style: italic;\">danse hell\u00e9nique 3&#8217;30<br>deux fl\u00fbtistes et quatuor \u00e0 cordes<\/span><\/a><\/h4>\n<p>commande du fl\u00fbtiste et chef d&#8217;orchestre Pierre-Alain BIGET, cr\u00e9\u00e9e le 21 d\u00e9cembre 2008 par Arlette BIGET, Pierre-Alain BIGET (fl\u00fbtes), Christophe BIANCO (violon I), Fran\u00e7ois GO\u00cfC (violon II), Jean-Philippe BARDON (alto), Rapha\u00eble SEMEZIS (violoncelle), salle de l&#8217;Institut \u00e0 Orl\u00e9ans<\/p>\n\n\n\n<div class=\"spacer-div\"><\/div>\n<h4><a href=\"2010-oraison\">2010<br>ORAISON <span style=\"font-size: 0.8em; font-style: italic;\">13\u2019<br>violoncelle seul<\/span><\/a><\/h4>\n<p>cr\u00e9\u00e9e le 20 novembre 2010 par Marie-Paule MILONE \u00e0 l&#8217;auditorium Marcel Landowski du CRR de Paris, dans le cadre des concerts <em>Cantus Formus<\/em> programm\u00e9s par Nicolas BACRI<\/p>\n\n\n\n<div class=\"spacer-div\"><\/div>\n<h4><a href=\"1982-2012-sainte-sophie-reconsacree\">1982-2012<br>SAINTE-SOPHIE RECONSACR\u00c9E, <span style=\"font-size: 0.8em; font-style: italic;\">Requiem des Chr\u00e9tiens d&#8217;Orient 45\u2019<br>double ch\u0153ur mixte (latin\/grec), ch\u0153ur d&#8217;enfants et orchestre (ou orgue)<\/span><\/a><\/h4>\n<ol style=\"list-style-type: upper-roman; list-style-position: inside;\">\n<li class=\"less-margin\">Requiem &amp; Kyrie <em>en m\u00e9moire du 29 mai 1453<\/em><\/li>\n<li class=\"less-margin\">du Livre de la Sagesse \/ Sophia Solomontos<\/li>\n<li class=\"less-margin\">Psaume*<\/li>\n<li class=\"less-margin\">Credo \/ to Symbolon tis Pisteos**<\/li>\n<li class=\"less-margin\">Pater noster \/ Pater imon***<\/li>\n<li class=\"less-margin\">Sanctus \/ Trisagion***<\/li>\n<li class=\"less-margin\">Magnificat<\/li>\n<\/ol>\n<p>* extrait cr\u00e9\u00e9 le 28 janvier 2009 en version voix et piano par Florence KATZ, mezzo-soprano et Charles LAVAUD \u00e0 l&#8217;auditorium du CRR de Paris, dans le cadre des concerts <em>Cantus Formus<\/em> programm\u00e9s par Nicolas BACRI<\/p>\n<p>** extrait cr\u00e9\u00e9 \u00e0 Paris le 4 juin 1998 (\u00c9glise Saint S\u00e9verin) en version a cappella par <em>Les Voix M\u00eal\u00e9es<\/em>, dir. Vincent ROUQU\u00c8S<\/p>\n<p>*** extraits cr\u00e9\u00e9s \u00e0 Madrid le 25 mai 1994 (Auditorio Nacional) en version a cappella par l\u2019Ensemble <em>MUSICATREIZE<\/em>, dir. Roland HEYRABEDIAN<\/p>\n<p><strong>nomenclature :<\/strong><br>ch\u0153ur d&#8217;enfants (2 soli)<br>double ch\u0153ur mixte (soli : soprano, 2 t\u00e9nors)<br>3 (2e picc., 3e fl. sol)\/ 3 (3e cor a.) \/ 3 (si b &amp;la, 3e cl. basse) \/ 3 (3e cb.)<br>4 \/ 2 saxh.si b \/ 2 saxh.mi b \/ 3 &amp; tuba<br>timb., c.-cl., 4 toms, g.c., t.-tam grave, cymb., cymb. susp., cloches, c\u00e9l., vibr., trg., crot.<br>cordes (16\/14\/12\/10\/8)<\/p>\n\n\n\n<div class=\"spacer-div\"><\/div>\n<h4><a href=\"2014-zu-gott-sollst-du-nicht-schreien\">2014<br>ZU GOTT SOLLST DU NICHT SCHREIEN <span style=\"font-size: 0.8em; font-style: italic;\">(Angelus Silesius) 5&#8217;25<br>Aria pour soprano et deux basses de viole<\/span><\/a><\/h4>\n<ul style=\"list-style-type: disc; list-style-position: inside;\">\n<li class=\"less-margin\">version originale\n<p>cr\u00e9\u00e9e par C\u00e9cile GRANGER, Caroline HOWALD et Ariane MAURETTE au Temple des Billettes \u00e0 Paris le 27 octobre 2015 au cours du concert de pr\u00e9sentation du CD <em>Ferveur, Louange et Passion<\/em> (Paraty 415133) par l&#8217;ensemble Isabelle d&#8217;Este.<\/p>\n<\/li>\n<li class=\"less-margin\">version \u00e0 deux violoncelles<\/li>\n<\/ul>\n\n\n\n<div class=\"spacer-div\"><\/div>\n<h4><a href=\"2015-cantar-de-mio-cid\">2015<br>CANTAR DE M\u00cdO CID <span style=\"font-size: 0.8em; font-style: italic;\">30\u2019<\/span><\/a><\/h4>\n<p><em>Malinconico<\/em> \u2015 <em>Vivace non troppo<\/em> \u2015 <em>Berceuse<\/em> \u2015 <em>Presto<\/em><\/p>\n<p>2 versions :<\/p>\n<ul style=\"list-style-type: disc; list-style-position: inside;\">\n<li class=\"less-margin\">sonate pour guitare (Malinconico, Berceuse, Presto)\n<p>cr\u00e9\u00e9e (1er mouvt) \u00e0 l&#8217;Accademia Filarmonica di Bologna (Italie) par G\u00e9rard ABITON le 19 novembre 2015<\/p>\n<\/li>\n<li class=\"less-margin\">sonate pour piano (Malinconico, Vivace non troppo, Berceuse, Presto)\n<p>cr\u00e9\u00e9e au concert Cantus Formus de Nicolas Bacri par Pascal LE CORRE le 27 janvier 2018<\/p>\n<\/li>\n<\/ul>\n\n\n\n<div class=\"spacer-div\"><\/div>\n<h4><a href=\"2019-le-songe-de-lucrece\">2019<br>LE SONGE DE LUCRECE<span style=\"font-size: 0.8em; font-style: italic;\">(De Rerum Natura IV 465-480) 3&#8217;40<br>pour soprano, fl\u00fbte alto et piano<\/span><\/a><\/h4>\n<ul style=\"list-style-type: disc; list-style-position: inside;\">\n<li class=\"less-margin\">version originale\n<p>cr\u00e9\u00e9 par Laura BAUDELET, M\u00e9lisande DAUDET et Marc LYS \u00e0 l&#8217;auditorium Marcel Landowski du CRR de Paris  le 28 septembre 2020 au cours du concert de pr\u00e9sentation du recueil <em>Hommage au po\u00e8te Lucretius<\/em> \u00e9dit\u00e9 par La Villa des Compositeurs (collection 2019).<\/p>\n<\/li><\/ul>\n\n\n\n<div class=\"spacer-div\"><\/div>\n<h4>2021<br>MORGEN <span style=\"font-size: 0.8em; font-style: italic;\">15\u2019<br>pour mezzo-soprano, violoncelle et piano<\/span><\/h4>\n<p>Messages de l\u2019ange appel\u00e9 Aube, transmis par Hanna Dallos, transcrits par Gitta Mallasz<\/p>\n<ol style=\"list-style-type: upper-roman; list-style-position: inside;\">\n<li class=\"less-margin\">Das Rad<\/em><\/li>\n<li class=\"less-margin\">Botschaft<\/li>\n<li class=\"less-margin\">Die zweite Geburt<\/li>\n<li class=\"less-margin\">Die Bergspitze Ragen<\/li>\n<li class=\"less-margin\">Er ist mein\u00a0!<\/li>\n<\/ol>\n\n\n\n<div class=\"spacer-div\"><\/div>\n<h4>2022<br>VARIATIONS <span style=\"font-size: 0.8em; font-style: italic;\">sur le th\u00e8me d\u2019une petite pianiste 12\u2019<br>piano solo<\/span><\/h4>\n\n\n\n<div class=\"spacer-div\"><\/div>\n<h4><a href=\"2023-epitaphe-sur-la-mort-de-moliere\">2023<br>\u00c9PITAPHE <span style=\"font-size: 0.8em; font-style: italic;\">sur la Mort de Moli\u00e8re 4\u2019<br>pour baryton-basse et quatuor \u00e0 cordes<\/span><\/a><\/h4>\n<p>cr\u00e9\u00e9 par Aymeric BIESEMANS et le Quatuor Lontano au studio de l\u2019ONDIF \u00e0 Alfortville le 14 janvier 2024, au cours du concert priv\u00e9 de pr\u00e9sentation du recueil\u00a0Hommage \u00e0 Moli\u00e8re\u00a0\u00e9dit\u00e9 par La Villa des Compositeurs (collection 2024).<\/p>\n\n\n\n<div class=\"spacer-div\"><\/div>\n<h4>2024<br>LA PORTE <span style=\"font-size: 0.8em; font-style: italic;\">(po\u00e8me de Simone Weil) 6\u2019<br>ch\u0153ur d\u2019hommes a cappella<\/span><\/h4>\n","protected":false},"excerpt":{"rendered":"<p>Voici le catalogue des \u0153uvres de Jean-Dominique Krynen. Cliquez sur les titres des \u0153uvres pour acc\u00e9der \u00e0 la fiche de pr\u00e9sentation et d&#8217;\u00e9coute de l\u2019\u0153uvre. 1983QUATUOR ISOCHORDE, en 2 parties 16\u2019 Nuit des Temps Palimpseste 1\u00e8re version pour violon, alto<\/p>\n","protected":false},"author":1,"featured_media":0,"parent":0,"menu_order":0,"comment_status":"closed","ping_status":"closed","template":"","meta":{"footnotes":""},"_links":{"self":[{"href":"https:\/\/jdkrynen.com\/index.php\/wp-json\/wp\/v2\/pages\/5"}],"collection":[{"href":"https:\/\/jdkrynen.com\/index.php\/wp-json\/wp\/v2\/pages"}],"about":[{"href":"https:\/\/jdkrynen.com\/index.php\/wp-json\/wp\/v2\/types\/page"}],"author":[{"embeddable":true,"href":"https:\/\/jdkrynen.com\/index.php\/wp-json\/wp\/v2\/users\/1"}],"replies":[{"embeddable":true,"href":"https:\/\/jdkrynen.com\/index.php\/wp-json\/wp\/v2\/comments?post=5"}],"version-history":[{"count":89,"href":"https:\/\/jdkrynen.com\/index.php\/wp-json\/wp\/v2\/pages\/5\/revisions"}],"predecessor-version":[{"id":651,"href":"https:\/\/jdkrynen.com\/index.php\/wp-json\/wp\/v2\/pages\/5\/revisions\/651"}],"wp:attachment":[{"href":"https:\/\/jdkrynen.com\/index.php\/wp-json\/wp\/v2\/media?parent=5"}],"curies":[{"name":"wp","href":"https:\/\/api.w.org\/{rel}","templated":true}]}}